git of 94003901?
9
What is the units digit of 710649239?
9
What is the ten millions digit of 584968511?
8
What is the millions digit of 24607159?
4
What is the millions digit of 632543660?
2
What is the hundred thousands digit of 63873353?
8
What is the thousands digit of 7642574?
2
What is the ten thousands digit of 120784830?
8
What is the units digit of 1257974048?
8
What is the tens digit of 402266037?
3
What is the hundred millions digit of 403554511?
4
What is the tens digit of 99630427?
2
What is the hundred thousands digit of 17634627?
6
What is the ten thousands digit of 1223072976?
7
What is the ten millions digit of 1695261996?
9
What is the ten thousands digit of 564367274?
6
What is the ten thousands digit of 13353351?
5
What is the millions digit of 466904615?
6
What is the units digit of 289871479?
9
What is the tens digit of 17970462?
6
What is the hundred millions digit of 460120869?
4
What is the hundred thousands digit of 99603608?
6
What is the tens digit of 16485503?
0
What is the ten thousands digit of 6691671135?
7
What is the tens digit of 1901872265?
6
What is the millions digit of 135632197?
5
What is the hundred thousands digit of 2132384723?
3
What is the ten millions digit of 163156658?
6
What is the ten thousands digit of 10795999?
9
What is the hundred millions digit of 3033074753?
0
What is the millions digit of 340496668?
0
What is the thousands digit of 301319958?
9
What is the tens digit of 71935551?
5
What is the hundreds digit of 175191630?
6
What is the tens digit of 1114788160?
6
What is the hundred millions digit of 1569297333?
5
What is the thousands digit of 1245548080?
8
What is the units digit of 295325025?
5
What is the tens digit of 71923763?
6
What is the hundred millions digit of 142169420?
1
What is the units digit of 2059737669?
9
What is the ten thousands digit of 5502970004?
7
What is the millions digit of 98290224?
8
What is the millions digit of 76167916?
6
What is the tens digit of 24799999?
9
What is the units digit of 1647088633?
3
What is the tens digit of 1896771330?
3
What is the tens digit of 6461123459?
5
What is the units digit of 289670368?
8
What is the ten millions digit of 46487288?
4
What is the millions digit of 4426100358?
6
What is the hundred millions digit of 402304350?
4
What is the units digit of 3233246296?
6
What is the hundreds digit of 333893220?
2
What is the ten millions digit of 95649377?
9
What is the ten thousands digit of 141112665?
1
What is the billions digit of 1179258169?
1
What is the ten millions digit of 2673806449?
7
What is the hundred thousands digit of 38517633?
5
What is the hundred millions digit of 241325245?
2
What is the units digit of 445945733?
3
What is the ten millions digit of 42657244?
4
What is the ten millions digit of 43084190?
4
What is the thousands digit of 47498745?
8
What is the millions digit of 79040200?
9
What is the tens digit of 1159698230?
3
What is the units digit of 283298411?
1
What is the hundred thousands digit of 46895310?
8
What is the hundreds digit of 2033017?
0
What is the hundred thousands digit of 151414061?
4
What is the tens digit of 114155346?
4
What is the ten millions digit of 436229138?
3
What is the ten millions digit of 1767145243?
6
What is the units digit of 1329578622?
2
What is the ten thousands digit of 112011996?
1
What is the ten millions digit of 102761384?
0
What is the millions digit of 541243248?
1
What is the ten thousands digit of 625166932?
6
What is the hundreds digit of 2382112651?
6
What is the thousands digit of 49416815?
6
What is the thousands digit of 936045024?
5
What is the thousands digit of 14661674?
1
What is the thousands digit of 17489841?
9
What is the millions digit of 757838576?
7
What is the hundreds digit of 693480888?
8
What is the millions digit of 40024891?
0
What is the hundred thousands digit of 17805153?
8
What is the ten thousands digit of 112577279?
7
What is the hundred thousands digit of 19704178?
7
What is the hundred thousands digit of 1273209445?
2
What is the millions digit of 149854778?
9
What is the units digit of 961652561?
1
What is the hundred thousands digit of 56633674?
6
What is the units digit of 836923065?
5
What is the hundred millions digit of 300132664?
3
What is the hundred millions digit of 269617918?
2
What is the thousands digit of 454427824?
7
What is the millions digit of 71548276?
1
What is the units digit of 115043027?
7
What is the units digit of 43465597?
7
What is the thousands digit of 694761844?
1
What is the ten thousands digit of 76315750?
1
What is the ten thousands digit of 198414527?
1
What is the ten millions digit of 132312687?
3
What is the ten millions digit of 658924221?
5
What is the thousands digit of 198969011?
9
What is the ten millions digit of 48736698?
4
What is the millions digit of 91827502?
1
What is the tens digit of 2629507735?
3
What is the ten millions digit of 57225408?
5
What is the ten millions digit of 3611088933?
1
What is the thousands digit of 641205950?
5
What is the thousands digit of 423027985?
7
What is the thousands digit of 1802058300?
8
What is the hundred thousands digit of 28098587?
0
What is the ten millions digit of 15291874?
1
What is the hundred millions digit of 328103739?
3
What is the ten thousands digit of 934791345?
9
What is the units digit of 71119535?
5
What is the hundreds digit of 4056187019?
0
What is the hundred millions digit of 160941317?
1
What is the hundreds digit of 113373927?
9
What is the ten thousands digit of 3501185257?
8
What is the hundreds digit of 3477756163?
1
What is the units digit of 135049317?
7
What is the units digit of 22638293?
3
What is the ten thousands digit of 359312962?
1
What is the units digit of 789792623?
3
What is the ten millions digit of 232852256?
3
What is the hundreds digit of 7692459?
4
What is the hundred thousands digit of 126900777?
9
What is the thousands digit of 6633650855?
0
What is the ten thousands digit of 691712272?
1
What is the millions digit of 138584983?
8
What is the ten thousands digit of 1595343199?
4
What is the ten millions digit of 201962556?
0
What is the hundreds digit of 5060392?
3
What is the ten thousands digit of 37883277?
8
What is the ten thousands digit of 386221401?
2
What is the hundreds digit of 88464648?
6
What is the hundred thousands digit of 310125110?
1
What is the hundreds digit of 2990090634?
6
What is the millions digit of 246430586?
6
What is the millions digit of 39484274?
9
What is the hundred thousands digit of 1041271546?
2
What is the hundred millions digit of 734092807?
7
What is the hundred thousands digit of 552551361?
5
What is the hundred thousands digit of 209153726?
1
What is the hundred millions digit of 199391189?
1
What is the thousands digit of 16148584?
8
What is the tens digit of 5438701?
0
What is the thousands digit of 35861990?
1
What is the hundred thousands digit of 259852450?
8
What is the ten thousands digit of 69898003?
9
What is the hundred thousands digit of 120513056?
5
What is the hundred thousands digit of 4648808766?
8
What is the units digit of 38358361?
1
What is the hundred millions digit of 154806098?
1
What is the ten millions digit of 256752179?
5
What is the units digit of 114912211?
1
What is the hundred thousands digit of 54300239?
3
What is the units digit of 75690282?
2
What is the ten millions digit of 82716295?
8
What is the hundred thousands digit of 3734907183?
9
What is the units digit of 21838433?
3
What is the millions digit of 181784245?
1
What is the ten millions digit of 1661549594?
6
What is the units digit of 303215464?
4
What is the ten millions digit of 293050065?
9
What is the ten millions digit of 117263667?
1
What is the ten millions digit of 1872798385?
7
What is the thousands digit of 260825159?
5
What is the ten millions digit of 1812895990?
1
What is the hundred thousands digit of 9452449?
4
What is the hundreds digit of 620271480?
4
What is the ten thousands digit of 994602742?
0
What is the hundreds digit of 350644706?
7
What is the tens digit of 332411769?
6
What is the thousands digit of 17263685?
3
What is the hundred thousands digit of 150060467?
0
What is the hundreds digit of 4712603484?
4
What is the ten thousands digit o